Calculate the greatest common divisor of 38 and 94.
2
What is the greatest common divisor of 344 and 1118?
86
What is the greatest common divisor of 29516 and 471?
157
Calculate the greatest common divisor of 48 and 192.
48
Calculate the highest common divisor of 15 and 80.
5
Calculate the greatest common divisor of 15 and 30.
15
What is the greatest common factor of 475 and 50?
25
What is the greatest common factor of 6 and 150?
6
Calculate the highest common factor of 176 and 154.
22
Calculate the greatest common divisor of 37 and 296.
37
What is the greatest common divisor of 74 and 2?
2
Calculate the greatest common factor of 9226 and 14.
14
Calculate the greatest common factor of 403 and 62.
31
Calculate the greatest common factor of 87728 and 16.
16
Calculate the greatest common divisor of 22 and 121.
11
Calculate the highest common factor of 222 and 296.
74
What is the highest common divisor of 102 and 119?
17
What is the greatest common divisor of 546 and 42?
42
Calculate the highest common factor of 16256 and 127.
127
Calculate the highest common divisor of 4097 and 17.
17
Calculate the highest common factor of 66 and 484.
22
What is the highest common factor of 38 and 133?
19
What is the greatest common factor of 2100 and 6?
6
What is the highest common factor of 480 and 2220?
60
What is the highest common divisor of 336 and 80?
16
What is the greatest common divisor of 46 and 322?
46
What is the highest common factor of 28 and 1981?
7
What is the highest common divisor of 23912 and 42?
14
What is the highest common divisor of 88 and 638?
22
Calculate the greatest common divisor of 276 and 600.
12
What is the highest common factor of 4 and 4?
4
What is the highest common divisor of 153 and 85?
17
Calculate the greatest common factor of 42 and 2478.
42
What is the greatest common factor of 840 and 392?
56
What is the greatest common factor of 806 and 208?
26
Calculate the highest common factor of 2431 and 13.
13
Calculate the highest common factor of 1582 and 1130.
226
What is the greatest common divisor of 144 and 216?
72
What is the highest common factor of 20 and 320?
20
Calculate the highest common factor of 496 and 8.
8
Calculate the highest common factor of 28 and 308.
28
Calculate the highest common divisor of 21 and 196.
7
Calculate the greatest common divisor of 4023 and 27.
27
Calculate the greatest common factor of 38 and 133.
19
Calculate the highest common divisor of 48 and 768.
48
What is the highest common divisor of 16414 and 849?
283
Calculate the greatest common divisor of 7671 and 3.
3
What is the highest common factor of 114 and 969?
57
Calculate the highest common divisor of 28 and 17402.
14
Calculate the highest common factor of 68 and 102.
34
What is the greatest common factor of 49 and 8491?
7
What is the greatest common divisor of 32 and 43?
1
Calculate the highest common factor of 46 and 1541.
23
What is the greatest common factor of 10 and 35?
5
Calculate the highest common divisor of 315 and 180.
45
Calculate the greatest common factor of 125 and 5.
5
Calculate the highest common divisor of 5 and 11015.
5
What is the highest common factor of 486 and 432?
54
What is the highest common factor of 60 and 260?
20
What is the greatest common divisor of 6 and 98?
2
Calculate the greatest common factor of 29 and 5626.
29
Calculate the highest common divisor of 22 and 7799.
11
Calculate the highest common divisor of 20 and 36460.
20
What is the highest common factor of 8342 and 344?
86
Calculate the greatest common divisor of 27 and 15.
3
Calculate the highest common divisor of 504 and 144.
72
What is the highest common factor of 1417 and 3161?
109
Calculate the highest common divisor of 195 and 250.
5
Calculate the highest common factor of 170 and 10.
10
Calculate the highest common divisor of 141 and 2914.
47
Calculate the highest common factor of 212 and 1219.
53
What is the highest common divisor of 21 and 238?
7
Calculate the highest common factor of 605 and 33.
11
Calculate the greatest common factor of 1415 and 10188.
283
Calculate the highest common divisor of 28 and 4200.
28
What is the greatest common factor of 143 and 208?
13
What is the greatest common factor of 207 and 27?
9
Calculate the highest common divisor of 164 and 902.
82
What is the greatest common divisor of 75 and 930?
15
What is the highest common divisor of 288 and 80?
16
What is the greatest common factor of 54 and 61506?
54
What is the highest common divisor of 11 and 3817?
11
Calculate the highest common divisor of 35 and 78820.
35
What is the greatest common factor of 85 and 35?
5
Calculate the greatest common divisor of 51 and 2057.
17
Calculate the greatest common factor of 1824 and 352.
32
Calculate the highest common divisor of 1482 and 234.
78
Calculate the greatest common divisor of 142 and 2911.
71
Calculate the greatest common divisor of 931 and 686.
49
What is the greatest common divisor of 78 and 18?
6
What is the greatest common factor of 11 and 8?
1
What is the highest common divisor of 20 and 10?
10
What is the greatest common divisor of 1089 and 9?
9
What is the greatest common factor of 2136 and 3?
3
What is the highest common divisor of 102 and 7089?
51
Calculate the highest common factor of 8777 and 131.
131
Calculate the greatest common factor of 240 and 5120.
80
What is the highest common factor of 95 and 589?
19
Calculate the greatest common divisor of 4994 and 22.
22
What is the highest common divisor of 873 and 9?
9
What is the highest common divisor of 1632 and 96?
96
Calculate the highest common divisor of 2260 and 2034.
226
What is the greatest common factor of 22 and 8063?
11
Calculate the highest common factor of 72 and 408.
24
What is the highest common divisor of 3002 and 19?
19
Calculate the greatest common divisor of 64 and 64.
64
Calculate the greatest common divisor of 3846 and 12.
6
What is the greatest common factor of 11 and 19283?
11
What is the greatest common divisor of 81 and 324?
81
Calculate the highest common factor of 3576 and 12.
12
Calculate the highest common divisor of 20040 and 240.
120
What is the highest common divisor of 36 and 3228?
12
Calculate the highest common factor of 2 and 11.
1
What is the highest common factor of 1713 and 12?
3
What is the highest common divisor of 752 and 47?
47
What is the greatest common factor of 495 and 132?
33
Calculate the greatest common divisor of 189 and 483.
21
What is the highest common divisor of 98 and 168?
14
What is the highest common divisor of 33 and 5973?
33
What is the highest common factor of 60 and 660?
60
Calculate the highest common factor of 9 and 99.
9
Calculate the highest common factor of 62 and 899.
31
Calculate the highest common divisor of 675 and 25.
25
Calculate the greatest common divisor of 50 and 5360.
10
Calculate the greatest common factor of 2 and 1424.
2
Calculate the highest common divisor of 13 and 533.
13
Calculate the highest common factor of 35 and 15.
5
What is the highest common factor of 112920 and 120?
120
Calculate the greatest common divisor of 1986 and 30.
6
Calculate the greatest common divisor of 36 and 1017.
9
What is the highest common factor of 12364 and 44?
44
Calculate the highest common factor of 1725 and 276.
69
Calculate the highest common divisor of 1764 and 84.
84
Calculate the greatest common factor of 1175 and 564.
47
Calculate the greatest common divisor of 130 and 156.
26
Calculate the greatest common divisor of 588 and 252.
84
Calculate the greatest common factor of 10437 and 426.
213
Calculate the highest common factor of 68 and 1428.
68
What is the highest common divisor of 40 and 17820?
20
What is the greatest common factor of 111 and 22422?
111
Calculate the highest common factor of 5295 and 15.
15
Calculate the highest common factor of 820 and 7052.
164
Calculate the highest common factor of 33 and 1023.
33
What is the greatest common divisor of 15 and 735?
15
What is the highest common divisor of 126 and 70?
14
Calculate the highest common factor of 728 and 56.
56
Calculate the highest common divisor of 8840 and 510.
170
Calculate the highest common divisor of 408 and 4.
4
What is the highest common divisor of 13 and 1092?
13
What is the highest common divisor of 20 and 2200?
20
W